{"id":112,"date":"2020-07-09T15:10:50","date_gmt":"2020-07-09T15:10:50","guid":{"rendered":"http:\/\/ihjj.hr\/kristijanovic\/?page_id=112"},"modified":"2020-10-05T11:59:44","modified_gmt":"2020-10-05T11:59:44","slug":"iz-danice-zagrebecke-narodna-medicina","status":"publish","type":"page","link":"https:\/\/kristijanovic.jezik.hr\/index.php\/iz-danice-zagrebecke-narodna-medicina\/","title":{"rendered":"Iz Danice zagrebe\u010dke: Narodna medicina"},"content":{"rendered":"<p><strong><a name=\"Domaci\"><\/a><em>Doma\u010di vra\u010ditel<\/em><\/strong><\/p>\n<p><em>a) Proti zlatenici pod ko\u017eum<\/em><\/p>\n<ol>\n<li style=\"list-style-type: none;\">\n<ol>\n<li style=\"list-style-type: none;\">\n<ol>\n<li>Bezgove i orehove srednje kore z korenjem metlikovine (iliti \u010drnoga pelina) vu vinu ali vodi skuhaj i pij po jutrah i ve\u010derih.<\/li>\n<li>Vsako jutro na te\u0161\u010de i ve\u010der, predi nego le\u017ee\u0161, tri \u017elice tople vode posrkni.<\/li>\n<\/ol>\n<\/li>\n<\/ol>\n<\/li>\n<\/ol>\n<p><em>b) Proti vulogom i kr\u010du<\/em><\/p>\n<p style=\"padding-left: 40px;\">Metlikovine pu\u0161elj vu olju tak dugo kuhaj dok se tri strani pokuhaju, z tem bole\u017ee \u017eile ve\u017ei.<\/p>\n<p><em>c) Komu iz vuha curi<\/em><\/p>\n<p style=\"padding-left: 40px;\">Fri\u0161ku le\u010du stuci, spre\u0161aj i zalevaj.<\/p>\n<p><em>d) Kad se gdegod skule naprave<\/em><\/p>\n<p style=\"padding-left: 40px;\">Travu steni\u010dnjak (<em>gramen leporinum tremulum<\/em>) kuhaj i spiraj.<\/p>\n<p><em>e) Za obja\u010diti slabe zube<\/em><\/p>\n<p style=\"padding-left: 40px;\">Naj si vzeme listje od kupine poljske i naj ju vu vinu kuha ter z ovem vinom naj se ve\u010dkrat vusta i zubi spiraju i ovak z vremenom zubi i zuberine obja\u010de se i \u010dvrste\u0161e postanu. (Danica zagrebe\u010dka 1840: 73\u201374)<\/p>\n","protected":false},"excerpt":{"rendered":"<p>Doma\u010di vra\u010ditel a) Proti zlatenici pod ko\u017eum Bezgove i orehove srednje kore z korenjem metlikovine (iliti \u010drnoga pelina) vu vinu ali vodi skuhaj i pij po jutrah i ve\u010derih. Vsako jutro na te\u0161\u010de i ve\u010der, predi nego le\u017ee\u0161, tri \u017elice tople vode posrkni. b) Proti vulogom i kr\u010du Metlikovine pu\u0161elj vu olju tak dugo kuhaj &hellip; <\/p>\n<p class=\"link-more\"><a href=\"https:\/\/kristijanovic.jezik.hr\/index.php\/iz-danice-zagrebecke-narodna-medicina\/\" class=\"more-link\">Nastavi \u010ditati<span class=\"screen-reader-text\"> &#8220;Iz Danice zagrebe\u010dke: Narodna medicina&#8221;<\/span><\/a><\/p>\n","protected":false},"author":1,"featured_media":0,"parent":0,"menu_order":0,"comment_status":"closed","ping_status":"closed","template":"","meta":[],"guten_post_layout_featured_media_urls":{"full":false,"thumbnail":false,"medium":false,"medium_large":false,"large":false,"1536x1536":false,"2048x2048":false,"guten_post_layout_landscape_large":false,"guten_post_layout_portrait_large":false,"guten_post_layout_square_large":false,"guten_post_layout_landscape":false,"guten_post_layout_portrait":false,"guten_post_layout_square":false,"twentyseventeen-featured-image":false,"twentyseventeen-thumbnail-avatar":false},"_links":{"self":[{"href":"https:\/\/kristijanovic.jezik.hr\/index.php\/wp-json\/wp\/v2\/pages\/112"}],"collection":[{"href":"https:\/\/kristijanovic.jezik.hr\/index.php\/wp-json\/wp\/v2\/pages"}],"about":[{"href":"https:\/\/kristijanovic.jezik.hr\/index.php\/wp-json\/wp\/v2\/types\/page"}],"author":[{"embeddable":true,"href":"https:\/\/kristijanovic.jezik.hr\/index.php\/wp-json\/wp\/v2\/users\/1"}],"replies":[{"embeddable":true,"href":"https:\/\/kristijanovic.jezik.hr\/index.php\/wp-json\/wp\/v2\/comments?post=112"}],"version-history":[{"count":7,"href":"https:\/\/kristijanovic.jezik.hr\/index.php\/wp-json\/wp\/v2\/pages\/112\/revisions"}],"predecessor-version":[{"id":193,"href":"https:\/\/kristijanovic.jezik.hr\/index.php\/wp-json\/wp\/v2\/pages\/112\/revisions\/193"}],"wp:attachment":[{"href":"https:\/\/kristijanovic.jezik.hr\/index.php\/wp-json\/wp\/v2\/media?parent=112"}],"curies":[{"name":"wp","href":"https:\/\/api.w.org\/{rel}","templated":true}]}}