{"id":109,"date":"2020-07-09T15:10:03","date_gmt":"2020-07-09T15:10:03","guid":{"rendered":"http:\/\/ihjj.hr\/kristijanovic\/?page_id=109"},"modified":"2021-01-15T19:38:27","modified_gmt":"2021-01-15T19:38:27","slug":"iz-danice-zagrebecke-pucka-meterologija","status":"publish","type":"page","link":"https:\/\/kristijanovic.jezik.hr\/index.php\/iz-danice-zagrebecke-pucka-meterologija\/","title":{"rendered":"Iz Danice zagrebe\u010dke: Pu\u010dka meterologija"},"content":{"rendered":"\n<p><strong><a name=\"Duznosti\"><\/a><em>Du\u017enosti XII. mesecov<\/em><\/strong><\/p>\n<p>Vino janu\u0161 ljubi, se\u010den divoj\u010dicu snubi.<\/p>\n<p>Su\u0161ec kopa polja, mali traven cvtice daje<\/p>\n<p>Cvet \u0161ume i zdenec velikoga travna je venec.<\/p>\n<p>Da juniju\u0161 seno, juliju\u0161 da slamo zobeno,<\/p>\n<p>Augu\u0161tu\u0161 klase, september grozdje da za se.<\/p>\n<p>Oktober klice. November z(h)vla\u010di \u0161ibice.<\/p>\n<p>I\u0161\u010du\u010d sebi hranu zakolje prasca december. (Danica 1837: 1\u20132)<\/p>\n<p>&nbsp;<\/p>\n<p><strong><a name=\"OdPuge\"><\/a><em>Od puge, dija\u010dki iris zvane<\/em><\/strong><\/p>\n<p>Kada je \u010disto, lepo i jasno vreme i pugu, druga\u010d poleg priproste navade <em>Bo\u017eji pas<\/em> zvanu, na nebu vidi\u0161, za stanovito veruj da bude de\u017e\u0111a. Ako pako po de\u017e\u0111u vidi\u0161 pugu, na skorom se \u0161\u010disti vreme. Ako je k poldnevu puga, jako velik de\u017e\u0111 nadojde. Ako je k sun\u010denomu zahodu, mala samo rosica bude. Ako je k sun\u010denomu ishodu i vre sunce pri\u010delo je zaha\u0111ati, lepo jasno vreme znamenuje.<\/p>\n<p>Nadalje z \u010dem je zelene\u0161a puga, z tem vek\u0161ega de\u017e\u0111a bude. Z \u010dem pako \u010drlene\u0161a, z tem vek\u0161ega vetra. (Danica 1837: 1\u20132)<\/p>\n","protected":false},"excerpt":{"rendered":"<p>Du\u017enosti XII. mesecov Vino janu\u0161 ljubi, se\u010den divoj\u010dicu snubi. Su\u0161ec kopa polja, mali traven cvtice daje Cvet \u0161ume i zdenec velikoga travna je venec. Da juniju\u0161 seno, juliju\u0161 da slamo zobeno, Augu\u0161tu\u0161 klase, september grozdje da za se. Oktober klice. November z(h)vla\u010di \u0161ibice. I\u0161\u010du\u010d sebi hranu zakolje prasca december. (Danica 1837: 1\u20132) &nbsp; Od puge, &hellip; <\/p>\n<p class=\"link-more\"><a href=\"https:\/\/kristijanovic.jezik.hr\/index.php\/iz-danice-zagrebecke-pucka-meterologija\/\" class=\"more-link\">Nastavi \u010ditati<span class=\"screen-reader-text\"> &#8220;Iz Danice zagrebe\u010dke: Pu\u010dka meterologija&#8221;<\/span><\/a><\/p>\n","protected":false},"author":1,"featured_media":0,"parent":0,"menu_order":0,"comment_status":"closed","ping_status":"closed","template":"","meta":[],"guten_post_layout_featured_media_urls":{"full":false,"thumbnail":false,"medium":false,"medium_large":false,"large":false,"1536x1536":false,"2048x2048":false,"guten_post_layout_landscape_large":false,"guten_post_layout_portrait_large":false,"guten_post_layout_square_large":false,"guten_post_layout_landscape":false,"guten_post_layout_portrait":false,"guten_post_layout_square":false,"twentyseventeen-featured-image":false,"twentyseventeen-thumbnail-avatar":false},"_links":{"self":[{"href":"https:\/\/kristijanovic.jezik.hr\/index.php\/wp-json\/wp\/v2\/pages\/109"}],"collection":[{"href":"https:\/\/kristijanovic.jezik.hr\/index.php\/wp-json\/wp\/v2\/pages"}],"about":[{"href":"https:\/\/kristijanovic.jezik.hr\/index.php\/wp-json\/wp\/v2\/types\/page"}],"author":[{"embeddable":true,"href":"https:\/\/kristijanovic.jezik.hr\/index.php\/wp-json\/wp\/v2\/users\/1"}],"replies":[{"embeddable":true,"href":"https:\/\/kristijanovic.jezik.hr\/index.php\/wp-json\/wp\/v2\/comments?post=109"}],"version-history":[{"count":5,"href":"https:\/\/kristijanovic.jezik.hr\/index.php\/wp-json\/wp\/v2\/pages\/109\/revisions"}],"predecessor-version":[{"id":210,"href":"https:\/\/kristijanovic.jezik.hr\/index.php\/wp-json\/wp\/v2\/pages\/109\/revisions\/210"}],"wp:attachment":[{"href":"https:\/\/kristijanovic.jezik.hr\/index.php\/wp-json\/wp\/v2\/media?parent=109"}],"curies":[{"name":"wp","href":"https:\/\/api.w.org\/{rel}","templated":true}]}}